{"id":65,"date":"2023-08-07T11:17:54","date_gmt":"2023-08-07T09:17:54","guid":{"rendered":"http:\/\/highlevelpictures.com\/?page_id=65"},"modified":"2023-08-15T11:53:37","modified_gmt":"2023-08-15T09:53:37","slug":"produkce","status":"publish","type":"page","link":"http:\/\/highlevelpictures.com\/index.php\/produkce\/","title":{"rendered":"Produkce"},"content":{"rendered":"\n<div class=\"wp-block-media-text is-stacked-on-mobile\"><figure class=\"wp-block-media-text__media\"><img loading=\"lazy\" decoding=\"async\" width=\"1024\" height=\"1024\" src=\"http:\/\/highlevelpictures.com\/wp-content\/uploads\/2023\/08\/scenes-with-clapper-board-1024x1024.jpg\" alt=\"\" class=\"wp-image-302 size-full\" srcset=\"http:\/\/highlevelpictures.com\/wp-content\/uploads\/2023\/08\/scenes-with-clapper-board-1024x1024.jpg 1024w, http:\/\/highlevelpictures.com\/wp-content\/uploads\/2023\/08\/scenes-with-clapper-board-300x300.jpg 300w, http:\/\/highlevelpictures.com\/wp-content\/uploads\/2023\/08\/scenes-with-clapper-board-150x150.jpg 150w, http:\/\/highlevelpictures.com\/wp-content\/uploads\/2023\/08\/scenes-with-clapper-board-768x768.jpg 768w, http:\/\/highlevelpictures.com\/wp-content\/uploads\/2023\/08\/scenes-with-clapper-board-100x100.jpg 100w\" sizes=\"auto, (max-width: 706px) 89vw, (max-width: 767px) 82vw, 740px\" \/><\/figure><div class=\"wp-block-media-text__content\">\n<p>Spole\u010dnost High Level Pictures s.r.o. p\u016fsob\u00ed p\u0159ev\u00e1\u017en\u011b jako producent celove\u010dern\u00edch film\u016f, ale i televizn\u00edch po\u0159ad\u016f a podobn\u00fdch form\u00e1t\u016f. Rovn\u011b\u017e spolupracujeme s ostatn\u00edmi produkcemi a producenty, kde p\u016fsob\u00edme bu\u010f jako v\u00fdkonn\u00fd producent a nebo jako extern\u00ed produkce \u0161irok\u00e9ho spektra audiovizu\u00e1ln\u00edch d\u011bl. Samy se v\u011bnujeme v sou\u010dasn\u00e9 dob\u011b v\u00fdvoji, nat\u00e1\u010den\u00ed a postprodukci n\u011bkolika celove\u010dern\u00edch film\u016f.<\/p>\n<\/div><\/div>\n\n\n\n<div class=\"wp-block-buttons is-content-justification-right is-layout-flex wp-container-core-buttons-is-layout-765c4724 wp-block-buttons-is-layout-flex\">\n<div class=\"wp-block-button\"><a class=\"wp-block-button__link wp-element-button\" href=\"http:\/\/highlevelpictures.com\/index.php\/kontakty\/\">Kontaktujte n\u00e1s<\/a><\/div>\n<\/div>\n","protected":false},"excerpt":{"rendered":"<p>Spole\u010dnost High Level Pictures s.r.o. p\u016fsob\u00ed p\u0159ev\u00e1\u017en\u011b jako producent celove\u010dern\u00edch film\u016f, ale i televizn\u00edch po\u0159ad\u016f a podobn\u00fdch form\u00e1t\u016f. Rovn\u011b\u017e spolupracujeme s ostatn\u00edmi produkcemi a producenty, kde p\u016fsob\u00edme bu\u010f jako v\u00fdkonn\u00fd producent a nebo jako extern\u00ed produkce \u0161irok\u00e9ho spektra audiovizu\u00e1ln\u00edch d\u011bl. Samy se v\u011bnujeme v sou\u010dasn\u00e9 dob\u011b v\u00fdvoji, nat\u00e1\u010den\u00ed a postprodukci n\u011bkolika celove\u010dern\u00edch film\u016f.<\/p>\n","protected":false},"author":1,"featured_media":0,"parent":0,"menu_order":0,"comment_status":"closed","ping_status":"closed","template":"","meta":{"footnotes":""},"class_list":["post-65","page","type-page","status-publish","hentry"],"_links":{"self":[{"href":"http:\/\/highlevelpictures.com\/index.php\/wp-json\/wp\/v2\/pages\/65","targetHints":{"allow":["GET"]}}],"collection":[{"href":"http:\/\/highlevelpictures.com\/index.php\/wp-json\/wp\/v2\/pages"}],"about":[{"href":"http:\/\/highlevelpictures.com\/index.php\/wp-json\/wp\/v2\/types\/page"}],"author":[{"embeddable":true,"href":"http:\/\/highlevelpictures.com\/index.php\/wp-json\/wp\/v2\/users\/1"}],"replies":[{"embeddable":true,"href":"http:\/\/highlevelpictures.com\/index.php\/wp-json\/wp\/v2\/comments?post=65"}],"version-history":[{"count":4,"href":"http:\/\/highlevelpictures.com\/index.php\/wp-json\/wp\/v2\/pages\/65\/revisions"}],"predecessor-version":[{"id":303,"href":"http:\/\/highlevelpictures.com\/index.php\/wp-json\/wp\/v2\/pages\/65\/revisions\/303"}],"wp:attachment":[{"href":"http:\/\/highlevelpictures.com\/index.php\/wp-json\/wp\/v2\/media?parent=65"}],"curies":[{"name":"wp","href":"https:\/\/api.w.org\/{rel}","templated":true}]}}