{"id":71,"date":"2023-08-07T11:17:54","date_gmt":"2023-08-07T09:17:54","guid":{"rendered":"http:\/\/highlevelpictures.com\/?page_id=71"},"modified":"2023-08-08T11:10:25","modified_gmt":"2023-08-08T09:10:25","slug":"kontakty","status":"publish","type":"page","link":"http:\/\/highlevelpictures.com\/index.php\/kontakty\/","title":{"rendered":"Kontakty"},"content":{"rendered":"<p><strong>High Level Pictures s.r.o.<\/strong><\/p>\n<p>I\u010cO: 28166957<br \/>Datov\u00e1 schr\u00e1nka: j6gaahk<\/p>\n<p>HQ: Wagnerovo n\u00e1m. 1541, 266 01\u00a0Beroun, Czech Republic<br \/>Office: K\u0159\u00ed\u017eeneck\u00e9ho n\u00e1m. 322 (Barrandov\u00a0Studios), 155 41 Praha 5, Czech Republic<\/p>\n","protected":false},"excerpt":{"rendered":"<p>High Level Pictures s.r.o. I\u010cO: 28166957Datov\u00e1 schr\u00e1nka: j6gaahk HQ: Wagnerovo n\u00e1m. 1541, 266 01\u00a0Beroun, Czech RepublicOffice: K\u0159\u00ed\u017eeneck\u00e9ho n\u00e1m. 322 (Barrandov\u00a0Studios), 155 41 Praha 5, Czech Republic<\/p>\n","protected":false},"author":1,"featured_media":0,"parent":0,"menu_order":0,"comment_status":"closed","ping_status":"closed","template":"","meta":{"footnotes":""},"class_list":["post-71","page","type-page","status-publish","hentry"],"_links":{"self":[{"href":"http:\/\/highlevelpictures.com\/index.php\/wp-json\/wp\/v2\/pages\/71","targetHints":{"allow":["GET"]}}],"collection":[{"href":"http:\/\/highlevelpictures.com\/index.php\/wp-json\/wp\/v2\/pages"}],"about":[{"href":"http:\/\/highlevelpictures.com\/index.php\/wp-json\/wp\/v2\/types\/page"}],"author":[{"embeddable":true,"href":"http:\/\/highlevelpictures.com\/index.php\/wp-json\/wp\/v2\/users\/1"}],"replies":[{"embeddable":true,"href":"http:\/\/highlevelpictures.com\/index.php\/wp-json\/wp\/v2\/comments?post=71"}],"version-history":[{"count":8,"href":"http:\/\/highlevelpictures.com\/index.php\/wp-json\/wp\/v2\/pages\/71\/revisions"}],"predecessor-version":[{"id":194,"href":"http:\/\/highlevelpictures.com\/index.php\/wp-json\/wp\/v2\/pages\/71\/revisions\/194"}],"wp:attachment":[{"href":"http:\/\/highlevelpictures.com\/index.php\/wp-json\/wp\/v2\/media?parent=71"}],"curies":[{"name":"wp","href":"https:\/\/api.w.org\/{rel}","templated":true}]}}