{"id":73,"date":"2023-08-07T11:17:54","date_gmt":"2023-08-07T09:17:54","guid":{"rendered":"http:\/\/highlevelpictures.com\/?page_id=73"},"modified":"2023-08-15T12:41:15","modified_gmt":"2023-08-15T10:41:15","slug":"o-nas","status":"publish","type":"page","link":"https:\/\/highlevelpictures.com\/","title":{"rendered":"O n\u00e1s"},"content":{"rendered":"\n<div class=\"wp-block-media-text is-stacked-on-mobile\" style=\"grid-template-columns:30% auto\"><figure class=\"wp-block-media-text__media\"><img loading=\"lazy\" decoding=\"async\" width=\"720\" height=\"1024\" src=\"http:\/\/highlevelpictures.com\/wp-content\/uploads\/2023\/08\/Jan-Lengyel-720x1024.jpg\" alt=\"\" class=\"wp-image-257 size-full\"\/><\/figure><div class=\"wp-block-media-text__content\">\n<p class=\"has-text-align-left\">Spole\u010dnost byla zalo\u017eena v roce 2007 Janem Lengyelem, kter\u00fd p\u0159edt\u00edm ji\u017e del\u0161\u00ed dobu p\u016fsobil a p\u016fsob\u00ed do dnes oblasti produkce filmu a televizn\u00edch po\u0159ad\u016f, postprodukce a audiovizu\u00e1ln\u00edch slu\u017eeb. Tato spole\u010dnost tedy nav\u00e1zala na jeho p\u0159ede\u0161l\u00e1 p\u016fsoben\u00ed a krom\u011b vlastn\u00ed producentsk\u00e9 \u010dinnosti se tak\u00e9 v\u011bnuje servisn\u00ed \u010dinnosti pro ostatn\u00ed producenty, televize a ostatn\u00ed spole\u010dnosti v oblasti audiovize. Spole\u010dnost v sou\u010dasn\u00e9 dob\u011b nat\u00e1\u010d\u00ed n\u011bkolik televizn\u00edch a filmov\u00fdch projekt\u016f. <\/p>\n<\/div><\/div>\n","protected":false},"excerpt":{"rendered":"<p>Spole\u010dnost byla zalo\u017eena v roce 2007 Janem Lengyelem, kter\u00fd p\u0159edt\u00edm ji\u017e del\u0161\u00ed dobu p\u016fsobil a p\u016fsob\u00ed do dnes oblasti produkce filmu a televizn\u00edch po\u0159ad\u016f, postprodukce a audiovizu\u00e1ln\u00edch slu\u017eeb. Tato spole\u010dnost tedy nav\u00e1zala na jeho p\u0159ede\u0161l\u00e1 p\u016fsoben\u00ed a krom\u011b vlastn\u00ed producentsk\u00e9 \u010dinnosti se tak\u00e9 v\u011bnuje servisn\u00ed \u010dinnosti pro ostatn\u00ed producenty, televize a ostatn\u00ed spole\u010dnosti v oblasti &hellip; <\/p>\n<p class=\"link-more\"><a href=\"https:\/\/highlevelpictures.com\/\" class=\"more-link\">Pokra\u010dovat ve \u010dten\u00ed<span class=\"screen-reader-text\"> &#8222;O n\u00e1s&#8220;<\/span><\/a><\/p>\n","protected":false},"author":1,"featured_media":0,"parent":0,"menu_order":0,"comment_status":"closed","ping_status":"closed","template":"elementor_header_footer","meta":{"footnotes":""},"class_list":["post-73","page","type-page","status-publish","hentry"],"_links":{"self":[{"href":"https:\/\/highlevelpictures.com\/index.php\/wp-json\/wp\/v2\/pages\/73","targetHints":{"allow":["GET"]}}],"collection":[{"href":"https:\/\/highlevelpictures.com\/index.php\/wp-json\/wp\/v2\/pages"}],"about":[{"href":"https:\/\/highlevelpictures.com\/index.php\/wp-json\/wp\/v2\/types\/page"}],"author":[{"embeddable":true,"href":"https:\/\/highlevelpictures.com\/index.php\/wp-json\/wp\/v2\/users\/1"}],"replies":[{"embeddable":true,"href":"https:\/\/highlevelpictures.com\/index.php\/wp-json\/wp\/v2\/comments?post=73"}],"version-history":[{"count":28,"href":"https:\/\/highlevelpictures.com\/index.php\/wp-json\/wp\/v2\/pages\/73\/revisions"}],"predecessor-version":[{"id":317,"href":"https:\/\/highlevelpictures.com\/index.php\/wp-json\/wp\/v2\/pages\/73\/revisions\/317"}],"wp:attachment":[{"href":"https:\/\/highlevelpictures.com\/index.php\/wp-json\/wp\/v2\/media?parent=73"}],"curies":[{"name":"wp","href":"https:\/\/api.w.org\/{rel}","templated":true}]}}